{"id":192,"date":"2021-06-22T20:57:37","date_gmt":"2021-06-22T18:57:37","guid":{"rendered":"http:\/\/consens-emsbueren.de\/_wpConsens\/?page_id=192"},"modified":"2025-12-14T15:09:31","modified_gmt":"2025-12-14T14:09:31","slug":"tina-nachname","status":"publish","type":"page","link":"http:\/\/consens-emsbueren.de\/_wpConsens\/tina-nachname\/","title":{"rendered":"Christina M\u00fclder"},"content":{"rendered":"\n<p><strong>Manchmal ist der kleinste Schritt in die richtige Richtung der gr\u00f6\u00dfte Schritt deines Lebens!<\/strong><\/p>\n\n\n\n<div class=\"wp-block-image\"><figure class=\"alignleft size-large is-resized\"><img loading=\"lazy\" decoding=\"async\" src=\"http:\/\/consens-emsbueren.de\/_wpConsens\/wp-content\/uploads\/2021\/07\/IMG_6600-683x1024.jpg\" alt=\"\" class=\"wp-image-278\" width=\"235\" height=\"352\" srcset=\"http:\/\/consens-emsbueren.de\/_wpConsens\/wp-content\/uploads\/2021\/07\/IMG_6600-683x1024.jpg 683w, http:\/\/consens-emsbueren.de\/_wpConsens\/wp-content\/uploads\/2021\/07\/IMG_6600-200x300.jpg 200w, http:\/\/consens-emsbueren.de\/_wpConsens\/wp-content\/uploads\/2021\/07\/IMG_6600-768x1152.jpg 768w, http:\/\/consens-emsbueren.de\/_wpConsens\/wp-content\/uploads\/2021\/07\/IMG_6600-1024x1536.jpg 1024w, http:\/\/consens-emsbueren.de\/_wpConsens\/wp-content\/uploads\/2021\/07\/IMG_6600-1365x2048.jpg 1365w, http:\/\/consens-emsbueren.de\/_wpConsens\/wp-content\/uploads\/2021\/07\/IMG_6600-scaled.jpg 1707w\" sizes=\"auto, (max-width: 235px) 100vw, 235px\" \/><\/figure><\/div>\n\n\n\n<p id=\"block-14b66d61-0c86-4404-83f8-8ac2ee742b50\">Ich hei\u00dfe Christina M\u00fclder und lebe mit meinem Mann und unseren beiden S\u00f6hnen im sch\u00f6nen Emsland.<\/p>\n\n\n\n<p id=\"block-0cefddbe-a784-46b3-bc9e-c3bb5864afed\">Hauptberuflich arbeite ich als examinierte Kinderkrankenschwester in der Kinder- und Jugendmedizin im St. Bonifatius Hospital in Lingen. Durch meine langj\u00e4hrige Arbeit mit den kleinen und gro\u00dfen Patienten habe ich die Erfahrung gemacht, dass viele k\u00f6rperliche Beschwerden seelischen Ursprungs sind. <\/p>\n\n\n\n<p id=\"block-0cefddbe-a784-46b3-bc9e-c3bb5864afed\">Daher entschied ich mich, 2018 die Ausbildung zur Heilpraktikerin f\u00fcr Psychotherapie zu absolvieren. Die Erlaubnis zur Aus\u00fcbung erwarb ich mit erfolgreichem Bestehen der Pr\u00fcfung vor dem Landesgesundheitsamt in Hannover. Spezialisiert habe ich mich 2020 mit der Fachweiterbildung &#8222;<strong>Kognitive Verhaltenstherapie&#8220; <\/strong>und arbeite seither mit den Grunds\u00e4tzen dieser Therapieform!<\/p>\n\n\n\n<p>Die <strong>Kognitive Verhaltenstherapie<\/strong> (kurz: <strong>KVT<\/strong>) geh\u00f6rt zu den sogenannten Richtlinienverfahren in Deutschland und z\u00e4hlt zu den wissenschaftlich anerkannten Therapieverfahren.<\/p>\n\n\n\n<p>Die <strong>KVT<\/strong> besch\u00e4ftigt sich mit den &#8222;<strong>Kognitionen<\/strong>&#8220; und dem &#8222;<strong>Verhalten<\/strong>&#8222;. &#8222;Kognitiv&#8220; beinhaltet alle geistigen Prozesse, wie das Denken und bezieht sich auf alles, was sich in Deinem Kopf abspielt, wie etwa Tr\u00e4umen, Erinnerungen, Einstellungen und \u00dcberzeugungen, Bilder, Gedanken und Aufmerksamkeit. Unser Denken hingegen beeinflusst wiederum unsere Gef\u00fchlswelt sehr entscheidend. Und unsere Gef\u00fchle bestimmen ma\u00dfgeblich unsere verschiedensten Verhaltensweisen. Mit meiner Unterst\u00fctzung kommen wir den dysfunktionalen und unrealistischen Gedanken, Einstellungen und \u00dcberzeugungen auf die Schliche, nehmen diese genau unter die Lupe und k\u00f6nnen sie dann gemeinsam umstrukturieren.<\/p>\n\n\n\n<p>Schlussfolgernd k\u00f6nnen wir bestimmte Verhaltensweisen, die Dein Leben erschweren oder Probleme aufrecht erhalten, erkennen und neue zielf\u00fchrendere Verhaltensweisen ein\u00fcben.<\/p>\n\n\n\n<p id=\"block-8640a8ff-592e-4ffc-a430-b7f126d063fc\"><strong>Ziel <\/strong>der<strong> Kognitiven Verhaltenstherapie<\/strong> ist es also, unsere Denkmuster, unsere Gef\u00fchlswelt und unsere Verhaltensweisen zu reflektieren, auf Angemessenheit zu \u00fcberpr\u00fcfen und Alternativen zu erarbeiten, um emotionale Probleme und problematische Verhaltensmuster aufzul\u00f6sen.<\/p>\n\n\n\n<p id=\"block-a74b8d1d-78db-4e69-be16-2ef3fa80cf48\">Diese wissenschaftlich anerkannte Therapieform kann Dir also dabei helfen, \u00c4ngste und Depressionen zu \u00fcberwinden, neuen Mut zu fassen und Motivation zu finden, Dein Selbstwertgef\u00fchl zu steigern und neue Ziele in Angriff zu nehmen und umzusetzen!<\/p>\n\n\n\n<p>Nicht nur f\u00fcr Erwachsene ist die<strong> KVT<\/strong> eine effektive Behandlungsmethode, auch <strong>Kinder<\/strong> profitieren sehr von dieser  Therapieform. <\/p>\n\n\n\n<p>Ebenso biete ich speziell f\u00fcr <strong>Kinder<\/strong> die <strong>l\u00f6sungsorientierte Kurzzeittherapie<\/strong> an.<\/p>\n\n\n\n<p>Ich freue mich, Dich in unserer Praxis begr\u00fc\u00dfen zu d\u00fcrfen und Dir bei Deinem ganz individuellem Anliegen Hilfestellung und Unterst\u00fctzung zu geben.<\/p>\n\n\n\n<p class=\"has-medium-font-size\" id=\"block-5c0fb87e-76c2-4c76-996f-587052a100b1\"><strong>Psychologische Beratung und Therapieangebote<\/strong> <strong>in den Bereichen<\/strong><\/p>\n\n\n\n<ul class=\"wp-block-list\" id=\"block-8329a224-c917-4309-af5d-9f10b4c2cc95\"><li><strong>Psychosomatische Beschwerden<\/strong><\/li><\/ul>\n\n\n\n<p>Es gibt keine k\u00f6rperlichen Ursachen oder Erkl\u00e4rungen f\u00fcr Deine Beschwerden. Was also will mir das Symptom damit sagen? Vielleicht gibt es daf\u00fcr einen seelischen Ursprung!<\/p>\n\n\n\n<ul class=\"wp-block-list\" id=\"block-8329a224-c917-4309-af5d-9f10b4c2cc95\"><li><strong>Angstst\u00f6rungen<\/strong><\/li><\/ul>\n\n\n\n<p>Was bedeutet Angst? Wozu ist sie gut? Wie kann ich ihr die Stirn bieten, um sie zu \u00fcberwinden?<\/p>\n\n\n\n<ul class=\"wp-block-list\" id=\"block-8329a224-c917-4309-af5d-9f10b4c2cc95\"><li><strong>Stress und Ersch\u00f6pfungssyndrom, Burn Out, leichte depressive Verstimmungen, Depressionen<\/strong><\/li><\/ul>\n\n\n\n<p>Was sind stressausl\u00f6sende Faktoren?  Verschiedene Methoden und das Erlernen von Entspannungsverfahren helfen Dir K\u00f6rper, Geist und Seele wieder in Einklang zu bringen. <\/p>\n\n\n\n<ul class=\"wp-block-list\" id=\"block-8329a224-c917-4309-af5d-9f10b4c2cc95\"><li><strong>Motivationstraining <\/strong><\/li><\/ul>\n\n\n\n<p>Was hindert Dich daran, Deine Ziele zu erreichen? Lerne, Dich inspirieren zu lassen und die Vorteile von Ver\u00e4nderungen positiv zu sehen. Sage Deiner Komfortzone hin und wieder: &#8222;Ich bin dann mal weg!&#8220;<\/p>\n\n\n\n<ul class=\"wp-block-list\" id=\"block-8329a224-c917-4309-af5d-9f10b4c2cc95\"><li><strong>Trauerverarbeitung<\/strong><\/li><\/ul>\n\n\n\n<p>Die Trauer nimmt einen gro\u00dfen Platz in Deinem Leben ein? Sie ist ein sehr starkes Gef\u00fchl! Ich begleite Dich auf Deinem Trauerweg, unterst\u00fctze Dich dabei, die Trauer zu verarbeiten und neue Wege zu finden, den Verlust in Dein Leben zu integrieren, um selbst wieder am Leben teilzunehmen.<\/p>\n\n\n\n<ul class=\"wp-block-list\" id=\"block-8329a224-c917-4309-af5d-9f10b4c2cc95\"><li><strong>Selbstakzeptanz und Selbstwert<\/strong><\/li><\/ul>\n\n\n\n<p>Was ist Selbstakzeptanz? Wie hoch sch\u00e4tzt Du Deinen eigenen Wert ein? Lerne, Deine Einzigartigkeit zu erkennen und sie zu sch\u00e4tzen.<\/p>\n\n\n\n<ul class=\"wp-block-list\" id=\"block-8329a224-c917-4309-af5d-9f10b4c2cc95\"><li><strong>Gewichtsreduktion<\/strong><\/li><\/ul>\n\n\n\n<p>Du m\u00f6chtest gerne abnehmen, doch bislang sind Deine Versuche gescheitert?<\/p>\n\n\n\n<p>Dann schicke Deinen inneren Schweinehund mit meiner Hilfe auf seinen Platz!<\/p>\n\n\n\n<ul class=\"wp-block-list\"><li><strong>Lerncoaching<\/strong><\/li><\/ul>\n\n\n\n<p>Bye, bye Pr\u00fcfungsangst!  Leichter lernen durch mehr Motivation und Konzentration.<\/p>\n\n\n\n<ul class=\"wp-block-list\"><li><strong><u>Kommunikationstraining f\u00fcr Paare<\/u><\/strong><\/li><\/ul>\n\n\n\n<p><em>\u201eVerantwortlich ist man nicht nur f\u00fcr das was man tut,<\/em> <em>sondern auch f\u00fcr das was man nicht tut!\u201c<\/em><\/p>\n\n\n\n<p>Bereit f\u00fcr eine <strong>Ver\u00e4nderung<\/strong> in der Partnerschaft?<\/p>\n\n\n\n<p>Terminvereinbarung unter:<\/p>\n\n\n\n<p>Christina M\u00fclder: 0174-8738027 oder&nbsp;consens.muelder@gmail.com<\/p>\n\n\n\n<p class=\"has-medium-font-size\" id=\"block-70ba229c-876e-43ff-816d-32deb4fdca7b\"><strong>Kosten<\/strong><\/p>\n\n\n\n<p id=\"block-1ab1b6f0-f59a-4b23-8bc1-ceb43b60b228\">Die <strong>psychologische Beratung<\/strong>, wie auch mein <strong>Therapieangebot<\/strong> richtet sich an <strong>Selbstzahler<\/strong>, da meine Leistungen nicht von den gesetzlichen Krankenkassen \u00fcbernommen werden. Bitte erkundige Dich ggf. bei Deiner privaten Krankenkasse bzw. Deiner Zusatzversicherung zwecks einer Kosten\u00fcbernahme f\u00fcr Heilpraktikerleistungen (Psychotherapie). Kosten f\u00fcr die Leistungen eines Heilpraktikers (Psychotherapie) kannst Du steuerrechtlich geltend machen.<\/p>\n\n\n\n<p>Eine <strong>psychologische Beratung<\/strong> (Dauer ca. 60 Minuten) kostet 90,- Euro.<\/p>\n\n\n\n<p>Die Wartezeit bis zu Deinem Behandlungsbeginn bei einem Psychologen\/Psychiater\/Psychotherapeuten ist noch lang?<\/p>\n\n\n\n<p>F\u00fcr diese \u00dcberbr\u00fcckungszeit biete ich Beratungs- und Entlastungsgespr\u00e4che an und kann Dir erste Hilfestellung zur Selbsthilfe geben.<\/p>\n\n\n\n<p id=\"block-d83c66bc-983b-4528-bf57-8627dd8962ac\">Eine <strong>Therapiesitzung<\/strong> (Dauer: ca. 45-60 Minuten) kostet <strong>ab<\/strong> 85,- Euro.<\/p>\n\n\n\n<p>Das <strong>Kommunikationstraining<\/strong> f\u00fcr Paare kostet 120,- Euro (Dauer: 60-90 Minuten).<\/p>\n\n\n\n<p>Weitere Informationen zu meinen Konditionen bespreche ich gerne pers\u00f6nlich mit Dir.<\/p>\n\n\n\n<p><\/p>\n\n\n\n<p class=\"has-medium-font-size\" id=\"block-fa2fbb9e-bd3e-4a40-9d5a-11c3b0038a98\"><strong>Termine<\/strong><\/p>\n\n\n\n<p id=\"block-a5ac7e3f-356f-40fb-9839-4f2aaa09ddce\">Termine nach telefonischer Vereinbarung, \u00fcber E-Mail oder unser Kontaktformular.<\/p>\n\n\n\n<p id=\"block-a6500c1e-77f8-4d6e-89bc-2fd0b662f738\"><strong>Telefon: 0174-8738027<\/strong><\/p>\n\n\n\n<p id=\"block-53e4f165-6011-4c5c-9f1e-c8fffe44f9b1\">E-Mail: consens.muelder@gmail.com<\/p>\n\n\n\n<p id=\"block-2253c738-df37-489b-ae56-eb28d2dbd631\">Nach dem deutschen Heilmittelwerbegesetz \u00a7 3 weise ich daraufhin, dass ich keine Heilversprechen abgeben darf.<\/p>\n","protected":false},"excerpt":{"rendered":"<p>Manchmal ist der kleinste Schritt in die richtige Richtung der gr\u00f6\u00dfte Schritt deines Lebens! Ich hei\u00dfe Christina M\u00fclder und lebe mit meinem Mann und unseren beiden S\u00f6hnen im sch\u00f6nen Emsland. Hauptberuflich arbeite ich als examinierte Kinderkrankenschwester in der Kinder- und<\/p>\n","protected":false},"author":1,"featured_media":0,"parent":0,"menu_order":0,"comment_status":"closed","ping_status":"closed","template":"","meta":{"ngg_post_thumbnail":0,"footnotes":""},"class_list":["post-192","page","type-page","status-publish","hentry"],"_links":{"self":[{"href":"http:\/\/consens-emsbueren.de\/_wpConsens\/wp-json\/wp\/v2\/pages\/192","targetHints":{"allow":["GET"]}}],"collection":[{"href":"http:\/\/consens-emsbueren.de\/_wpConsens\/wp-json\/wp\/v2\/pages"}],"about":[{"href":"http:\/\/consens-emsbueren.de\/_wpConsens\/wp-json\/wp\/v2\/types\/page"}],"author":[{"embeddable":true,"href":"http:\/\/consens-emsbueren.de\/_wpConsens\/wp-json\/wp\/v2\/users\/1"}],"replies":[{"embeddable":true,"href":"http:\/\/consens-emsbueren.de\/_wpConsens\/wp-json\/wp\/v2\/comments?post=192"}],"version-history":[{"count":37,"href":"http:\/\/consens-emsbueren.de\/_wpConsens\/wp-json\/wp\/v2\/pages\/192\/revisions"}],"predecessor-version":[{"id":1197,"href":"http:\/\/consens-emsbueren.de\/_wpConsens\/wp-json\/wp\/v2\/pages\/192\/revisions\/1197"}],"wp:attachment":[{"href":"http:\/\/consens-emsbueren.de\/_wpConsens\/wp-json\/wp\/v2\/media?parent=192"}],"curies":[{"name":"wp","href":"https:\/\/api.w.org\/{rel}","templated":true}]}}