{"id":885,"date":"2022-08-05T19:53:52","date_gmt":"2022-08-05T17:53:52","guid":{"rendered":"http:\/\/consens-emsbueren.de\/_wpConsens\/?page_id=885"},"modified":"2025-02-09T19:13:49","modified_gmt":"2025-02-09T18:13:49","slug":"maike-meinhard","status":"publish","type":"page","link":"http:\/\/consens-emsbueren.de\/_wpConsens\/maike-meinhard\/","title":{"rendered":"Maike Meinhard"},"content":{"rendered":"\n<p><strong>&#8222;Es ist Dein Weg &#8211; manche k\u00f6nnen ihn mit Dir gehen, aber niemand kann ihn f\u00fcr Dich gehen.&#8220; -Rumi<\/strong><\/p>\n\n\n\n<div class=\"wp-block-image\"><figure class=\"alignleft size-large is-resized\"><img loading=\"lazy\" decoding=\"async\" src=\"http:\/\/consens-emsbueren.de\/_wpConsens\/wp-content\/uploads\/2023\/01\/9B394D3A-4A90-4154-804E-29A9ABF0B72C_1_105_c.jpeg\" alt=\"\" class=\"wp-image-1004\" width=\"258\" height=\"352\"\/><\/figure><\/div>\n\n\n\n<p>Gerne m\u00f6chte ich mich einmal vorstellen. Mein Name ist Maike Meinhard, ich bin ein guter `78 Jahrgang und lebe mit meinem Mann und unseren kleinen Fellnasen, genau wie meine Kollegin Christina, im wundersch\u00f6nen Emsland \ud83d\ude42<\/p>\n\n\n\n<p>Hauptberuflich oder auch &#8222;in meinem anderen Leben&#8220; arbeite ich als Bezirksleitung in einem Medienverlag. An meiner Arbeit dort begeistert mich am meisten der Umgang mit den verschiedensten Menschen.&nbsp;Aufgrund des dort h\u00e4ufig sehr stressigen Alltags habe ich mich schon in sehr jungen Jahren mit dem Thema Resilienz und Gesundheit besch\u00e4ftigt. Meine nachhaltige Aufmerksamkeit widmete ich hier dem Yoga und dem Ayurveda.<\/p>\n\n\n\n<p>2018 habe ich dann &#8211; urspr\u00fcnglich nur f\u00fcr mich &#8211; eine Yogalehrerausbildung gemacht. Diese intensive Zeit hat sehr viele Ver\u00e4nderungsw\u00fcnsche angeschoben. Zwischenzeitlich habe ich ebenfalls zwei Fernstudieng\u00e4nge sehr erfolgreich absolviert &#8211; einmal \u201eAyurvedische Gesundheitsberatung\u201c und \u201eTraditionelle Europ\u00e4ische Medizin\u201c. Ayurveda ist die Lehre vom gesunden Leben und stammt aus dem indischen Raum &#8211;  es ist das Gegenst\u00fcck zur &#8222;Traditionellen chinesischen Medizin&#8220; und der &#8222;Traditionellen europ\u00e4ischen Medizin&#8220;.<\/p>\n\n\n\n<p>Da mich die Einfachheit des Ayurveda immer wieder begeistert und nachhaltig beeindruckt, habe ich dann die &#8222;Ayurveda Koch- und Ern\u00e4hrung-Coach&#8220; Ausbildung bei Volker Mehr gemacht. Da uns im Alltag nicht zuletzt durch Corona immer wieder Themen wie Stress, Burn out etc. begleiten, habe ich noch eine weitere Ausbildung zur psychologischen Beraterin und zur Fachkraft im Stressmanagement absolviert . <\/p>\n\n\n\n<p>Gerne unterst\u00fctze ich Dich bei der Aufarbeitung Deiner Alltagsthemen, (Wieder-)Herstellung deiner Resilienz (Dein Immunsystem der Psyche) aber auch bei k\u00f6rperlichen Beschwerden.  Ich arbeite l\u00f6sungsorientiert und greife gerne auf alle unterschiedlichen Bereiche meiner Ausbildungen zu, um individuelle L\u00f6sungen f\u00fcr Dich zu finden.<\/p>\n\n\n\n<p>Ebenfalls biete ich derzeit regelm\u00e4\u00dfig Yoga im ConSens an. Die unterschiedlichsten Hilfsmittel, wie Gurte, Bl\u00f6cke und Bolster machen es jedem m\u00f6glich, an den Stunden teilzunehmen. <\/p>\n\n\n\n<p>Solltest Du tiefer in die Welt des Ayurveda einsteigen wollen oder sp\u00fcren, dass auch bei Dir eine Phase der Ver\u00e4nderung ansteht, freue ich mich, Dich mit all meinem Wissen und Erfahrungen unterst\u00fctzen zu d\u00fcrfen.\u00a0<\/p>\n\n\n\n<p>Folgendes kann ich Ihnen anbieten:<\/p>\n\n\n\n<ul class=\"wp-block-list\"><li>Ayurvedische Sprechstunde (Einzelberatung) <\/li><li>Gesundheitscoaching (K\u00f6rper, Geist und Seele)<\/li><li>Psychologische Beratung<\/li><\/ul>\n\n\n\n<p>Dauer: 45-60 min&nbsp;<\/p>\n\n\n\n<p>Kosten: 85 EUR pro Termin<\/p>\n\n\n\n<ul class=\"wp-block-list\"><li>Yoga <\/li><\/ul>\n\n\n\n<p> Yoga donnerstags von 17.30 Uhr bis 18.30 Uhr und von 18.45 Uhr bis 19.45 Uhr<\/p>\n\n\n\n<p>Ich lade Dich herzlich zu einer kostenlosen Schnupperstunde ein.<\/p>\n\n\n\n<p>Kosten: 135 EUR  10ner Karte  &#8211; 3 Monate g\u00fcltig  \/ 75 EUR 5er Karte &#8211; 2 Monate g\u00fcltig oder monatl. 40 EUR f\u00fcr 1x w\u00f6chtentlich Yoga (K\u00fcndigung 6 Wochen vor Monatsende)<\/p>\n\n\n\n<p>Termine nach Vereinbarung unter:<\/p>\n\n\n\n<p>mobile:     0151 40 322 770 (tel. oder what&#8217;s app)<\/p>\n\n\n\n<p>mail:    <a href=\"mailto:m.meinhard.consens@icloud.com\"><span class=\"has-inline-color has-vivid-cyan-blue-color\">m.meinhard.consens@icloud.com<\/span><\/a><\/p>\n\n\n\n<p>oder auch ganz unkompliziert \u00fcber das Kontaktformular auf dieser Seite.<\/p>\n\n\n\n<p>Solltest Du mich einmal nicht pers\u00f6nlich erreichen, melde ich mich umgehend zur\u00fcck.<\/p>\n","protected":false},"excerpt":{"rendered":"<p>&#8222;Es ist Dein Weg &#8211; manche k\u00f6nnen ihn mit Dir gehen, aber niemand kann ihn f\u00fcr Dich gehen.&#8220; -Rumi Gerne m\u00f6chte ich mich einmal vorstellen. Mein Name ist Maike Meinhard, ich bin ein guter `78 Jahrgang und lebe mit meinem<\/p>\n","protected":false},"author":2,"featured_media":0,"parent":0,"menu_order":0,"comment_status":"closed","ping_status":"closed","template":"","meta":{"ngg_post_thumbnail":0,"footnotes":""},"class_list":["post-885","page","type-page","status-publish","hentry"],"_links":{"self":[{"href":"http:\/\/consens-emsbueren.de\/_wpConsens\/wp-json\/wp\/v2\/pages\/885","targetHints":{"allow":["GET"]}}],"collection":[{"href":"http:\/\/consens-emsbueren.de\/_wpConsens\/wp-json\/wp\/v2\/pages"}],"about":[{"href":"http:\/\/consens-emsbueren.de\/_wpConsens\/wp-json\/wp\/v2\/types\/page"}],"author":[{"embeddable":true,"href":"http:\/\/consens-emsbueren.de\/_wpConsens\/wp-json\/wp\/v2\/users\/2"}],"replies":[{"embeddable":true,"href":"http:\/\/consens-emsbueren.de\/_wpConsens\/wp-json\/wp\/v2\/comments?post=885"}],"version-history":[{"count":21,"href":"http:\/\/consens-emsbueren.de\/_wpConsens\/wp-json\/wp\/v2\/pages\/885\/revisions"}],"predecessor-version":[{"id":1161,"href":"http:\/\/consens-emsbueren.de\/_wpConsens\/wp-json\/wp\/v2\/pages\/885\/revisions\/1161"}],"wp:attachment":[{"href":"http:\/\/consens-emsbueren.de\/_wpConsens\/wp-json\/wp\/v2\/media?parent=885"}],"curies":[{"name":"wp","href":"https:\/\/api.w.org\/{rel}","templated":true}]}}